 factor of 30 and m.
6
Let h(d) = d**3 - 9*d**2 - 11*d + 6. Let n be h(10). Let w be (n/(-6))/(5/45). Let q = 26 - w. Calculate the highest common factor of q and 180.
20
Let u(i) be the second derivative of -i**5/20 - i**3/6 + 175*i**2/2 - 12*i. Let f be u(0). Calculate the highest common factor of f and 70.
35
Let q(a) = -6*a - 17. Let v be q(-15). Suppose v = 3*y + 13. What is the greatest common factor of 220 and y?
20
Suppose 25 = -c + 2*c - 4*q, 87 = 5*c - q. Suppose b + 35 = 6*b. Suppose -537 = -4*m + b. Calculate the highest common factor of m and c.
17
Let i(z) = 3*z**2 + 3*z + 5. Let k be i(-2). Suppose -4*j + 60 = o, 0 = -3*o - 2*j - 3*j + 152. Calculate the greatest common factor of k and o.
11
Let j be (-9)/(-1) - (-30 - -33). What is the highest common divisor of 264 and j?
6
Let q be 4/(-1) + 2 + -2. Let f(k) = 7 - 4*k - 5 + 1 + 2 - k**2 - 2. Let b be f(q). Calculate the highest common factor of b and 27.
3
Suppose -3*h + 3*k + 278 = 4*k, 0 = h - 2*k - 95. Suppose -5*s = 2*n + 3*n - 130, 4*s = -3*n + 109. Calculate the highest common factor of h and s.
31
Suppose -s + 13 = 14. Let m be 34/34*(1*s + 24). Calculate the greatest common factor of 161 and m.
23
Let n be (-3)/((-3)/(-1)) + 755. Calculate the greatest common factor of n and 174.
58
Suppose -g - 52 = -5*g. Suppose 12*q - g*q + 81 = 0. Calculate the greatest common factor of 9 and q.
9
Suppose -s = 5*u - 193, 5*u - 191 = -3*s + s. Let y = u + -36. Calculate the greatest common factor of 6 and y.
3
Suppose -4*m - p + 26 = 0, -5*p = -m + 25 - 8. Calculate the highest common divisor of 189 and m.
7
Let c be (-241)/(5 - 252/49). Calculate the highest common factor of c and 7.
7
Suppose -6 = 3*l, -14*l + 13*l = -4*n + 1362. What is the greatest common factor of n and 34?
34
Suppose -3*r - 10 = -0*r + 5*d, 0 = -5*r + 5*d + 10. Suppose -305 = -h - r*k + 4*k, -4*h = -4*k - 1196. Calculate the greatest common divisor of h and 33.
33
Let f = -52 - -57. Suppose f = -i + 18. What is the greatest common factor of i and 65?
13
Suppose -2*a - r = -52, 8*r = 3*r - 20. Suppose 86*h - 2304 - 3258 = 4070. Calculate the greatest common divisor of a and h.
28
Let v = -116 + 115. Let g be (-2 - -19)/(v/(-8)). Suppose 2*x = -3*x + 85. Calculate the greatest common factor of g and x.
17
Let b(u) = -8*u - 176. Let r be b(-33). What is the highest common divisor of r and 32?
8
Let w(n) = -2*n**2 + 102*n - 90. Let v be w(50). Suppose -55 = -4*k + 5*r, 3*k = 2*r + r + 39. What is the highest common divisor of v and k?
10
Let f = 2101 + 167. Calculate the highest common divisor of f and 42.
42
Let x = 636 - 604. What is the highest common factor of x and 56?
8
Let z be 0/(5*(-3)/(-15)). Suppose r - 3*i = 27, z*r - 2*i - 118 = -4*r. What is the greatest common factor of r and 45?
15
Let a be 5/((-40)/(-1096)) - 7. What is the greatest common factor of a and 195?
65
Let k(q) = 2*q + 9. Let j be k(-12). Let x = -25 - j. Let r be (-30)/(-4) + (-5)/x. What is the greatest common divisor of r and 8?
8
Suppose 3*o + 218 = -5*h, -2*h - 54 - 20 = o. Let i = o + 94. Suppose 0 = 2*g + 3*p - 2, 7 + 7 = g - 5*p. Calculate the greatest common factor of i and g.
4
Suppose -2*z = -5*h + z + 115, 2*z + 90 = 4*h. Suppose 3*q - 2*a + 188 = 6*q, 0 = 4*a - 16. Calculate the highest common factor of q and h.
20
Let f = 9 + -3. Suppose -f = -3*t - 0. Suppose b + 30 = 2*y, 5*y + t*b = -b + 64. Calculate the greatest common divisor of 14 and y.
14
Suppose 3*w - w = 0, 3*o - 5*w - 147 = 0. Let y = -22 - -29. Calculate the greatest common divisor of o and y.
7
Let z(a) = 16*a - 7*a - 40*a - 1. Let u be z(-6). What is the highest common factor of u and 74?
37
Let f be ((-63)/(-18) - 3)*(-1 + 7). Suppose 0 = 5*r - 131 + 11. What is the greatest common divisor of f and r?
3
Let j(b) = -4*b**3 - b**2 - 3*b - 2. Let s be j(-1). Suppose 2*q + s*c = 88, 4*q + 0*q - 2*c = 206. What is the highest common divisor of q and 20?
10
Let t(l) = -2*l**2 + 30*l - 37. Let j be t(13). Calculate the greatest common factor of 45 and j.
15
Let h = -50 - -58. Let n be -6 - -6 - (-192)/2. What is the highest common divisor of n and h?
8
Let c(u) = -u**2 - 17*u - 33. Let b(j) = j**3 - 3*j**2 - 4*j + 1. Let f be b(3). Let a be c(f). Calculate the highest common factor of 165 and a.
33
Let h(g) = -g**3 + 8*g**2 - 14*g + 12. Let s be h(5). What is the greatest common divisor of 68 and s?
17
Let t = 250 + -200. Calculate the greatest common factor of t and 70.
10
Let f = -9 - 3. Let y = 39 + f. Calculate the highest common divisor of 189 and y.
27
Let q(s) = s**2 + 3*s - 5. Let h be q(2). Suppose 0*b = -h*b + 25. What is the highest common divisor of 10 and b?
5
Suppose 33*i = 31*i - 46. Let p(j) = -j**2 - 23*j + 40. Let d be p(i). Calculate the highest common factor of d and 320.
40
Suppose -u - 4*x = -213, -3*u - 87 = 5*x - 733. What is the greatest common factor of 62 and u?
31
Let w be (-255)/(-102)*(-1)/(5/(-6)). Calculate the greatest common factor of w and 327.
3
Let x(d) = d**2 - 24*d + 35. Let q = -39 + 62. Let w be x(q). Calculate the highest common divisor of 300 and w.
12
Suppose 4*r + 59 = 19. Let a = 28 + r. Let z = 14 - -31. Calculate the highest common divisor of z and a.
9
Suppose -3*k = -3*b - 6*k + 225, -171 = -2*b + 5*k. Calculate the highest common factor of b and 130.
26
Let w be (7/14)/(3/78). What is the highest common divisor of 3497 and w?
13
Suppose -m - 87 = -3*x, -x = -0*m - 5*m - 43. Suppose 4*k - 232 = -x. Calculate the greatest common divisor of 357 and k.
51
Let z = 93 - 41. Suppose 4*a = 5*r - 25, 4*r - 24 = -2*a - 4. Suppose a = -2*d - 4*f + 38, 3*d - 2*f - 42 = -3*f. What is the greatest common factor of z and d?
13
Let m be 286 - -1 - (17 - 16). Suppose -3*z = 5*x - m, -4*x + x + 4*z = -160. Calculate the greatest common divisor of x and 7.
7
Suppose -11*j + 5*j = -564. What is the highest common divisor of 6 and j?
2
Suppose -3*i - 60 = -8*i. Suppose 42 = m + i. Suppose -j + 4*a + m = 0, 4*j = -3*a - 2*a + 15. What is the greatest common divisor of j and 80?
10
Suppose -4*m + 10 + 6 = 0. Suppose -g = -m*t + 111, -4*t - 3*g - 2*g = -141. What is the highest common divisor of 58 and t?
29
Let p = 186 + -160. Calculate the greatest common factor of 182 and p.
26
Let g be 2/8 + (-361)/(-76). Suppose 2*v - 87 = 4*p - g*p, -3*v + 133 = 2*p. Suppose -q - 5 + v = 0. What is the highest common divisor of q and 4?
4
Let k(z) = -z**2 + 27*z + 8. Let a be k(4). What is the highest common divisor of 40 and a?
20
Let d = -61 - -92. Let s = -21 + d. Suppose u - s = 45. Calculate the greatest common factor of 22 and u.
11
Let l(j) = 7*j**2 - j - 4. Let h be l(-5). Let z be ((-66)/(-27))/((-10)/(-90)). What is the highest common divisor of z and h?
22
Suppose -11*g = -5*g - 72. What is the highest common factor of 129 and g?
3
Suppose -262 - 558 = -z. Suppose -4*x - z = -8*x. What is the highest common factor of x and 41?
41
Suppose 11*f - 4*f - 35 = 0. Let z(r) = -r**3 + 7*r**2 - 10. Let g be z(f). Calculate the highest common factor of 16 and g.
8
Let w(q) = 2*q - 51. Let h be w(30). What is the greatest common factor of 162 and h?
9
Let h be (-1 + -2 + -7)/(-2). Suppose 0 = -11*i - 79 + 244. Calculate the greatest common divisor of h and i.
5
Suppose -6 = -4*c + 2*c. Suppose c*j + 2*h = 4, 2*j - h = -4*h + 11. Let p be (-2)/j*-1 + 41. Calculate the greatest common divisor of p and 10.
10
Suppose 7*h + 349 + 183 = 0. Let k = 79 + h. Suppose -4*s + 10 = -2. What is the greatest common factor of s and k?
3
Suppose 3*n = -2 - 28. Let i be (-24)/n*45/18. Let s be (-3)/i + (-9)/(-2). What is the greatest common divisor of s and 28?
4
Suppose -10*f = 14*f - 240. What is the highest common divisor of f and 25?
5
Let t(c) = c**2 + 3*c + 1. Let b be t(-2). Let o = b - 0. Let k be 1/(-3)*18*o. Calculate the greatest common divisor of k and 2.
2
Suppose 0 = 3*z + 2*m - 8 - 5, -m = -2*z + 11. Suppose 2*g - 3 - z = 0. Let l be (g - 6) + (78 - 1). What is the greatest common divisor of l and 15?
15
Let q(k) = k**2 - 33*k + 14 + 0*k**2 - 38*k + 65*k. Let p be q(4). What is the highest common factor of 24 and p?
6
Suppose -h + 1484 = 5*p - 609, -p + 411 = 4*h. Suppose -p = -4*d + 961. What is the greatest common factor of 15 and d?
15
Let z(c